ommon divisor of 1644 and w?
12
Let n = 1415 - 995. What is the greatest common factor of 90 and n?
30
Let c(y) = y**3 + 6*y**2 + 4*y - 3. Let k be c(-4). Calculate the greatest common divisor of k and 1157.
13
Let g be (-190)/114*6/(-10). Let a(v) = -v**3 + 10*v**2 - 9*v - 5. Let w be a(9). Let s = w + 12. Calculate the greatest common divisor of g and s.
1
Let i(j) = -j**3 + 10*j**2 + 2*j - 4. Let m be i(10). Let h = -14 + m. Calculate the greatest common divisor of 8 and h.
2
Let n = -267 + 271. Calculate the greatest common divisor of 4 and n.
4
Let t be 3/((-72)/(-42)) + 3/(-4). Let r(p) = -3*p - 15. Let q be r(-6). Calculate the greatest common factor of t and q.
1
Let j(c) = -4*c + 4. Let r be j(-1). What is the greatest common factor of r and 188?
4
Let j(z) be the second derivative of z**5/20 - z**4/4 - 7*z**3/6 + 7*z**2/2 + 6*z. Let b be j(5). Let a = 37 - b. What is the greatest common factor of 5 and a?
5
Let c be (2 + -2)*(-3)/(-3). Suppose c*i = 6*i - 18. Calculate the highest common divisor of i and 15.
3
Let o be -1 - (-12)/4 - -2. Calculate the greatest common divisor of o and 5.
1
Let r = -122 + 134. Suppose 5*k + 27 = 5*v - 83, -r = 3*k. Suppose 0 = 4*m, a + 144 = 3*a + m. Calculate the highest common factor of a and v.
18
Let f be 4/(5/(-2) - -2). Let b be (-3)/6*19*f. What is the highest common factor of 19 and b?
19
Suppose -b = p - 21, 3*b = 7*b - 3*p - 56. Calculate the greatest common divisor of 85 and b.
17
Suppose 3*n = -13 - 2, -4*u - 2*n + 430 = 0. What is the greatest common factor of u and 80?
10
Suppose -4*j = -0*x + 3*x - 1, -5*x = 2*j - 25. Suppose -w + 15 = -i, 4*w + 5*i = -x + 67. What is the highest common divisor of 60 and w?
15
Let c(i) = 4*i - 6. Let w be c(4). Suppose 4*h - 3*a = -41, 2*h + h + 27 = a. Let x = h - -9. What is the highest common factor of x and w?
1
Let g = -435 - -705. Calculate the highest common factor of 90 and g.
90
Let g be -3 - 4/(8/(-2)). Let q = 0 - g. Let l be (-1)/q + 63/14. Calculate the greatest common factor of 10 and l.
2
Let n be (-12)/(12/(-3))*2/6. Let b be n/(-2)*(9 + -13). Calculate the highest common factor of 2 and b.
2
Let w(m) = 12*m**2 - 16 - 5*m**2 - 6*m**2 + 3*m. Let h be w(-7). Calculate the highest common divisor of h and 12.
12
Let w = 34 - 22. Let n(i) = -i**3 - 7*i**2 - 9. Let f be n(-8). Suppose -57*a + 120 = -f*a. What is the highest common factor of a and w?
12
Let w be 3 - 11/((-66)/324). Calculate the greatest common factor of 551 and w.
19
Suppose 0 = -4*r - 1 - 11, -r - 33 = 2*g. Let i = 31 + g. Calculate the greatest common divisor of i and 4.
4
Suppose 3*r - 1298 = -83. Calculate the greatest common factor of r and 15.
15
Let c(w) = 1 - 7*w - 1. Let o be c(-1). Let n = o + -4. What is the greatest common factor of 33 and n?
3
Suppose 4*p - 120 = 92. Let t be (76/(-10))/(1/5). Let v = t + p. What is the greatest common factor of 5 and v?
5
Suppose 46 = n + 3*h, 5*n = n + h + 132. What is the greatest common factor of n and 986?
34
Let v = -1115 - -1703. Calculate the highest common divisor of 49 and v.
49
Let z = -82 + 125. Let p = -20 + z. Suppose -4*w - 14 = -l - 0*w, -5*w = -4*l + p. Calculate the greatest common factor of 16 and l.
2
Suppose l + 4593 = 4*q + 492, 5100 = 5*q + 4*l. Calculate the greatest common divisor of 32 and q.
32
Let i(b) = -b**3 + 6*b**2 - 4*b - 11. Let m be i(5). Let z(l) = -3*l + 8. Let c be z(m). Calculate the highest common factor of c and 39.
13
Let b(l) = -3*l + 6*l - 8*l**2 + 20 + 2*l - l**3. Let g be b(-9). Calculate the highest common divisor of g and 14.
14
Let f be 8244/(-66) + 2/(-22). Let g = -85 - f. Calculate the highest common factor of 100 and g.
20
Suppose -v - 92 + 8 = -2*l, -2*l - 4*v = -74. Suppose -l + 47 = 6*w. What is the highest common divisor of 8 and w?
1
Let z = -557 - -563. What is the highest common divisor of z and 30?
6
Suppose -3 = -3*c + k + 10, 4*k = 3*c + 2. Suppose c*q = 279 + 21. Calculate the greatest common factor of q and 25.
25
Let l = -34 + 51. Suppose 0 = 4*o + 4*h, -4*o + 3*h = -4 - l. Suppose -o*b = b - 20. What is the highest common factor of 40 and b?
5
Let d = 29 + 24. Suppose 3*r - 4 = d. Suppose 4*q = 3*q + 4*o + 113, -5*q + 5*o + 640 = 0. Calculate the greatest common divisor of q and r.
19
Let i be (-2)/(-8) - 1790/(-8). Suppose 2*m = b + 56, 5*m + 2*b = 7*b + 140. What is the greatest common factor of i and m?
28
Suppose -4*s - i + 4 = 0, -4*s + 8*s = 2*i - 8. Suppose s = -4*u - 2*d + 618, 0 = u - 4*d - 0*d - 159. What is the highest common divisor of u and 62?
31
Let f = 728 - 694. Calculate the highest common divisor of 1394 and f.
34
Let a be (0 + -1)/(3*(-2)/(-6)). Let s be (((-1)/2)/((-2)/(-88)))/a. What is the greatest common factor of s and 11?
11
Let z(k) be the first derivative of 7*k**3/3 - k**2 + 5. Let s be z(2). What is the greatest common divisor of 24 and s?
24
Let j(i) = -86*i + 5450. Let u be j(63). Let v be -3 + 1 + 2/(-2). Let c be 2/v + 14/3. What is the highest common divisor of u and c?
4
Let f(w) = w**2 + 12*w - 59. Let z be f(4). Calculate the greatest common divisor of z and 20.
5
Let u = 23 - -21. Let k = 50 - 44. Suppose u = -2*c + k*c. What is the highest common factor of 22 and c?
11
Let z be 9/(189/721) + 4/6. Calculate the greatest common divisor of 7 and z.
7
Let l = 839 + -593. What is the greatest common factor of l and 164?
82
Let m = -7 - -9. Let v(l) = -3*l**2 - 22 - 5 + 26 + 3*l**3 + 2*l. Let i be v(m). Calculate the greatest common factor of i and 15.
15
Let c = -152 + 764. What is the highest common factor of c and 72?
36
Suppose -64*k = -46*k - 216. What is the greatest common factor of k and 108?
12
Let p = 65 + -45. Let n be ((-8)/p)/(3/15). Let d be n*(-3)/((-3)/(-4)). What is the highest common factor of d and 56?
8
Let a(h) = h**2 + h - 4. Let b be a(4). Let s = -23 + -8. Let x = s - -47. What is the greatest common divisor of b and x?
16
Suppose -11 = -13*b + 145. What is the highest common divisor of 28 and b?
4
Suppose -7*b + 11*b - 52 = 0. Let j = b - -7. Let t = j - 5. What is the greatest common factor of 3 and t?
3
Let i be 291/2 - 39/26. Let m(v) = 7*v + 2. Let j be m(1). What is the highest common divisor of j and i?
9
Suppose -12*n + 39 = -9. Suppose -4*m - 3*c + n*c = -165, -15 = -5*c. What is the greatest common factor of 6 and m?
6
Suppose -22 - 98 = -8*y. Suppose 0 = -0*s + s + 5, 3*f = -3*s + y. Calculate the highest common divisor of 80 and f.
10
Let h be -4*((-27)/(-12) - 3). Suppose -4*x = -h - 101. What is the highest common divisor of x and 65?
13
Suppose -5*y + 5 = 35. Let i be (2 - (-38)/5)/(y/(-30)). What is the greatest common divisor of i and 120?
24
Let z be (-3 - (-3 - (-2 + 3)))/1. Let r(x) = 27*x**2 + 1. Let w be r(z). Calculate the greatest common factor of 112 and w.
28
Suppose 5*p + 54 = 7*p. Let j be (18/8)/(3/(19 - -5)). What is the greatest common factor of j and p?
9
Let g(h) = -3*h + 42. Let p be g(-6). Calculate the highest common factor of 480 and p.
60
Let j be (0 + -1)*(3 - 0). Let v(p) = -p**3 - 3*p**2 - 3*p + 2. Let o be v(j). Suppose -207*m = -194*m - 1001. Calculate the greatest common factor of o and m.
11
Let q(o) = -2*o - 112. Let v be q(-65). What is the greatest common factor of v and 1314?
18
Let z(c) be the second derivative of c**4/12 + 4*c**3/3 - c**2 - 5*c. Let i be z(-9). Suppose 4*k + 126 = i*k. What is the greatest common divisor of 28 and k?
14
Let l = -29 - -50. Let t be (434/l)/(4/(-6)). Let b = t - -36. What is the highest common factor of 1 and b?
1
Let x(o) = -o**2 - 13*o - 28. Let n be x(-9). What is the greatest common divisor of 152 and n?
8
Let h = -1 + 18. Let z(k) = -7*k - 9. Let a be z(-11). Calculate the highest common divisor of a and h.
17
Suppose 0 = 7*k + 18*k - 100. What is the highest common divisor of 268 and k?
4
Suppose 0 = 4*r - 67 + 59. Calculate the greatest common factor of r and 82.
2
Let h be (-1)/(-2) - (-534)/12. Suppose -n + 52 = 34. What is the highest common factor of n and h?
9
Let j(g) = 3*g - 3. Let w be j(9). Calculate the greatest common divisor of 72 and w.
24
Let q be 8640/168 + (-6)/14. Let k = 79 - q. Calculate the greatest common factor of k and 84.
28
Let p be 11 - 1*(-3 - 0). Let r = -9 + 11. Suppose 0 = r*v + 38 - 34